 + 1. What is k(-3)?
40
Let x(z) = -16*z**3 - 4*z**2 + 10. Determine x(2).
-134
Let y(j) = -j**2 + 30*j - 61. Give y(27).
20
Let p(c) = c**3 + 259*c**2 + 4547*c - 240. What is p(-19)?
7
Let u(m) = m**3 - 9*m**2 + 4*m - 8. Give u(11).
278
Let g(m) = -2*m**2 - 29*m + 1428. Give g(-35).
-7
Let h(j) = j**3 + 39*j**2 - 39*j + 62. Determine h(-40).
22
Let s(u) = -92*u - 1290. Determine s(-14).
-2
Let r(l) = 2*l - 78. Determine r(11).
-56
Let w(i) = -14*i - 89. Calculate w(-8).
23
Let z(k) = -9*k + 76. Calculate z(6).
22
Let v(x) = -183*x**2 + 4*x - 4. Determine v(1).
-183
Let m(p) = -p**2 + 42*p - 285. Give m(22).
155
Let i(u) = -41*u - 4066. What is i(-100)?
34
Let u(t) = 136*t + 291. Calculate u(-2).
19
Let y(j) = j**2 - 36*j + 346. Give y(14).
38
Let x(m) = -m**3 - 33*m**2 + 68*m - 77. Give x(-35).
-7
Let b(u) = -u**3 - 17*u**2 - 25*u - 128. Determine b(-16).
16
Let v(s) = -s**2 + 58*s + 812. Give v(-12).
-28
Let n(l) = -l**2 - 2*l + 265. What is n(16)?
-23
Let f(q) = 2*q**2 - 81*q + 800. Give f(23).
-5
Let x(p) = -80*p + 22. Give x(-2).
182
Let f(s) = 2*s**3 + 10*s**2 + 15*s + 34. Give f(-5).
-41
Let z(a) = 16*a**2 - 211*a. What is z(13)?
-39
Let z(g) = 8*g**2 + 36*g. Determine z(-6).
72
Let n(p) = -88*p + 3478. Calculate n(39).
46
Let t(k) = -k**3 - 21*k**2 - 59*k + 12. Give t(-18).
102
Let b(r) = 17*r**2 - 799*r + 9. Determine b(47).
9
Let n(r) = -2*r**2 + 102*r + 248. Give n(54).
-76
Let t(f) = 813*f + 508. Give t(-1).
-305
Let b(h) = -3*h**3 + 20*h**2 + 180*h - 1161. Give b(6).
-9
Let q(s) = 87*s + 377. Determine q(-4).
29
Let o(z) = -109*z - 2710. Give o(-26).
124
Let d(b) = -138*b - 5233. Give d(-38).
11
Let p(x) = -11*x**2 + 4*x - 13. Calculate p(2).
-49
Let l(v) = 2*v**2 + 10*v - 68. What is l(-9)?
4
Let y(g) = -3*g - 30. Calculate y(26).
-108
Let l(n) = -15*n - 41. What is l(-14)?
169
Let c(o) = o**3 - 37*o**2 + 7*o - 281. Determine c(37).
-22
Let m(s) = -6*s**2 - 17. Determine m(5).
-167
Let i(l) = -281*l + 525. Determine i(3).
-318
Let i(h) = 232*h - 1169. Determine i(4).
-241
Let y(x) = -x**3 + 2*x**2 - 6*x - 19. What is y(-2)?
9
Let s(a) = -a**3 - 24*a**2 - 151*a + 7. Calculate s(-13).
111
Let m(u) = 18*u**2 - 86*u + 4. Calculate m(5).
24
Let i(s) = -s**2 + 47*s - 566. What is i(19)?
-34
Let y(b) = -b**2 - 2531*b + 15214. What is y(6)?
-8
Let x(l) = 9*l**2 - 3*l - 19. Determine x(-5).
221
Let i(w) = w**2 + 71*w + 88. Determine i(-69).
-50
Let k(j) = -6*j**2 - 141*j - 716. Determine k(-5).
-161
Let g(m) = 132*m**2 + 306*m + 3. Determine g(-2).
-81
Let u(c) = 84*c - 43. Calculate u(1).
41
Let m(k) = 2*k**3 + 33*k**2 - 58*k - 66. What is m(-18)?
6
Let z(n) = -3784*n - 34064. Give z(-9).
-8
Let x(y) = 2*y**2 - 15*y - 663. Calculate x(-15).
12
Let l(t) = -166*t + 6131. What is l(37)?
-11
Let g(r) = 47*r**2 - 232*r - 6. Calculate g(6).
294
Let z(u) = 6*u**2 + 155*u + 991. Give z(-12).
-5
Let b(u) = -37*u**2 + 38*u - 113. Calculate b(3).
-332
Let s(i) = i**3 + 10*i**2 + 31*i + 94. Give s(-7).
24
Let g(f) = -3*f**3 + 5*f**2 + 8*f - 1. What is g(-2)?
27
Let f(t) = -479*t - 73283. Determine f(-153).
4
Let r(c) = 5*c**3 - 125*c**2 + 49*c - 1220. What is r(25)?
5
Let g(u) = -u**3 + 12*u**2 + 3*u - 180. Calculate g(10).
50
Let a(o) = 65*o - 5193. Determine a(80).
7
Let x(s) = 24950*s + 124753. What is x(-5)?
3
Let z(f) = -139*f - 4590. What is z(-33)?
-3
Let m(a) = -a**3 - 140*a**2 - 1064*a - 1046. Calculate m(-132).
10
Let h(k) = -6*k**2 + 7*k - 14. Give h(2).
-24
Let x(t) = 162*t - 1727. What is x(10)?
-107
Let b(h) = 5*h**2 - 284*h + 550. Determine b(2).
2
Let r(m) = m**3 + 20*m**2 - 133*m + 81. Determine r(-25).
281
Let g(y) = y**3 - 36*y**2 - 102*y + 4798. Determine g(35).
3
Let t(a) = a**3 + 44*a**2 + 88*a + 192. Determine t(-42).
24
Let l(v) = 57*v + 90. Calculate l(-2).
-24
Let h(c) = 3*c**2 + 12*c - 75. Determine h(9).
276
Let b(r) = 2*r**2 + 38*r - 839. Calculate b(13).
-7
Let f(s) = 36*s - 187. Calculate f(17).
425
Let v(c) = 12*c**2 - 599*c - 39. What is v(50)?
11
Let c(w) = -150*w - 2451. Calculate c(-15).
-201
Let c(f) = 25*f + 101. Give c(-7).
-74
Let z(q) = q**3 - 19*q**2 - 260*q + 79. Give z(28).
-145
Let g(v) = -v**3 - 9*v**2 - 18*v - 7. What is g(-5)?
-17
Let l(s) = -s**2 - 14*s. Determine l(-5).
45
Let a(h) = -h**3 + 4*h**2 - 115*h + 757. Determine a(6).
-5
Let a(b) = -2*b**2 - 18*b + 43. What is a(0)?
43
Let u(n) = 14*n**3 - 3*n**2 - 17. Give u(0).
-17
Let i(v) = 383*v - 2779. Calculate i(7).
-98
Let j(w) = -2*w**2 + 10*w + 410. Determine j(-12).
2
Let g(f) = 12*f**2 - 23*f - 88. Calculate g(-3).
89
Let v(z) = -11*z + 328. What is v(-21)?
559
Let l(v) = -v**2 - 53*v + 11949. What is l(86)?
-5
Let r(q) = -4*q**2 - 36*q + 42. Calculate r(-10).
2
Let y(m) = -2*m**3 - 14*m**2 + 39*m + 196. Give y(-9).
169
Let v(q) = -q**3 + 41*q**2 + 13*q - 532. Give v(41).
1
Let c(m) = 5*m + 285. Give c(-17).
200
Let i(c) = c**3 - 36*c**2 + 326*c - 66. Determine i(20).
54
Let w(l) = -2*l**3 - 4*l**2 - 43*l + 44. Give w(1).
-5
Let f(a) = -2594*a + 10375. What is f(4)?
-1
Let j(z) = 39*z**2 + 237*z + 14. Give j(-6).
-4
Let w(s) = -182*s + 572. What is w(8)?
-884
Let p(x) = 2*x**2 - 67*x + 200. Calculate p(30).
-10
Let k(r) = r**3 + 6*r**2 + 56*r + 365. Determine k(-6).
29
Let n(d) = -2*d**2 + 371*d + 2710. What is n(-7)?
15
Let c(w) = w**3 - 21*w**2 - 74*w + 88. Give c(24).
40
Let y(w) = w**2 - 172*w + 6819. Calculate y(62).
-1
Let f(t) = -51*t - 65. Determine f(4).
-269
Let q(x) = -2*x**2 + 38*x + 179. Calculate q(-4).
-5
Let n(d) = -9*d**3 + 2*d**2 - 3*d + 5. Calculate n(2).
-65
Let v(t) = 29*t + 259. Give v(-9).
-2
Let a(n) = 10*n**2 + 104*n + 152. What is a(-9)?
26
Let m(x) = 88*x**2 + 4*x - 20. What is m(2)?
340
Let t(b) = 5*b - 188. Calculate t(-6).
-218
Let p(h) = -h**2 + 246*h + 6026. Calculate p(-22).
130
Let n(z) = -130*z + 384. What is n(3)?
-6
Let v(m) = 3*m**2 + 443*m + 6887. Calculate v(-130).
-3
Let t(l) = -2*l**2 - 86*l - 593. What is t(-13)?
187
Let l(m) = m**3 - 21*m**2 - 36*m + 23. What is l(-2)?
3
Let x(g) = 6*g**2 - 201*g + 376. Determine x(2).
-2
Let c(d) = -6234*d - 168304. Determine c(-27).
14
Let p(n) = -1556*n - 1493. What is p(-1)?
63
Let o(j) = -j**3 - 9*j**2 + 22*j - 8. Calculate o(3).
-50
Let p(q) = 119*q**2 + 951*q - 2. What is p(-8)?
6
Let l(b) = b**2 - 41*b + 192. Give l(32).
-96
Let z(f) = -4*f - 73. Determine z(-7).
-45
Let k(x) = 7*x - 460. Give k(42).
-166
Let r(v) = -28*v**2 - 266*v - 4. Give r(-9).
122
Let z(n) = -n**3 - 6*n**2 - 152*n - 1110. Calculate z(-7).
3
Let s(g) = g**2 + 15*g - 1080. Calculate s(26).
-14
Let v(z) = 4*z**2 - 8*z + 7. What is v(2)?
7
Let r(c) = 294*c - 775. Determine r(3).
107
Let h(j) = -71*j + 172. Give h(-8).
740
Let v(r) = -44*r - 762. Calculate v(-19).
74
Let m(k) = 64*k + 19. Give m(-3).
-173
Let c(d) = -1039*d + 7040. Give c(7).
-233
Let u(h) = h**2 + 116*h + 1999. What is u(-95)?
4
Let s(q) = -20*q**2 + 67*q. What is s(2)?
54
Let m(o) = 3*o**2 - 29*o + 48. Calculate m(7).
-8
Let v(d) = -2913*d - 279633. Give v(-96).
15
Let n(o) = -1747*o + 6980. Calculate n(4).
-8
Let a(s) = 18*s + 932. Give a(9).
1094
Let m(d) = -3*d**2 - 3*d + 36. Give m(-4).
0
Let z(d) = 5*d**2 + 126*d - 214. Calculate z(-26).
-110
Let a(h) = -h**3 + 28*h**2 + 57*h - 810. Give a(29).
2
Let t(c) = 1927*c - 57816. Calculate t(30).
-6
Let d(w) = -153*w + 783. Calculate d(5).
18
Let s(j) = -31*j - 160. Give s(-4).
-36
Let m(w) = 18*w - 272. What is m(16)?
16
Let r(t) = -4*t**2 + 51*t - 339. What is r(6)?
-177
Let y(o) = -o**3 - 83*o**2 + 3*o + 234. Calculate y(-83).
-15
Let f(j) = -44*j**2 - 392*j + 14. Calculate f(-7).
602
Let v(z) = -34*z + 317. Give v(-3).
419
Let b(g) = -222*g - 2435. What is b(-11)?
7
Let u(a) = -a**2 - 42*a + 55. Determine u(-42).
55
Let h(l) = -44*l + 2931. Calculate h(67).
-17
Let v(z) = -3*z**2 + 83*z - 18. Calculate v(26).
112
Let l(f) = -23*f + 101. Give l(9).
-106
Let k(y) = -y**3 - 7*y**2 + 20*y - 3. Determine k(-9).
-21
Let v(b) = 384*b + 3801. What is v(-10)?
-39
Let f(d) = -3*d**3 - 18*d**2 + 47*d + 150. What is f(-7)?
-32
Let t(g) = 63*g + 304. Calculate t(-6).
-74
Let j(c) = 2*c**3 - 32*c**2 - 12*c - 20. Give j(17).
354
Let x(c) = 22*c + 15. Calculate x(-8).
-161
Let v(c) = -34*c**2 + 274*c - 798. What is v(3)?
-282
Let s(q) = 31*q - 959. Determine s(31).
2
Let c(v) = v**